 the prime factors of k(s).
5
Let s(z) = z**3 + 8*z**2 + z + 4. Let v be s(-6). Let o(q) = q. Let d be o(4). Suppose -7*l - d*x + 75 = -2*l, -5*l - 3*x + v = 0. List the prime factors of l.
11
List the prime factors of 43*(-4)/(16/(-12)).
3, 43
Suppose -d = 2*d - 36. Suppose a = -a + d. What are the prime factors of a?
2, 3
Let x(c) = 2*c**3 - 9*c**2 + 5*c - 5. What are the prime factors of x(6)?
7, 19
Suppose -4*u = -5 - 3. Suppose 2*n + 16 + u = 0. Let h = n - -14. What are the prime factors of h?
5
Let r(u) = -2*u + 9. Let d be r(5). What are the prime factors of (d - (-18)/(-8))*-12?
3, 13
Let u = 117 - 0. What are the prime factors of u?
3, 13
Let i = 242 + -165. What are the prime factors of i?
7, 11
Suppose -51 = 2*s + 2*s + 3*x, 56 = -5*s + 4*x. Let o = -3 - s. List the prime factors of -2 - 0 - o/(-1).
7
Let x(z) = -z**2 - 8*z - 3. Let o = -2 + 5. Suppose -2*t - 44 = 4*v + 2*t, o*t = 5*v + 23. List the prime factors of x(v).
2
What are the prime factors of ((-85)/(-51))/(5/18)?
2, 3
Suppose -2*k - 3*k + 3*m + 215 = 0, -3*k - m + 115 = 0. Suppose -u - 3 = -k. List the prime factors of u.
37
Suppose 6*p = p. Suppose p*i - 14 = -i. What are the prime factors of i?
2, 7
Suppose -m = -2, 5*m = -3*y + m + 20. List the prime factors of y.
2
Let f(d) = -d**3 + 8*d**2 - 7*d + 4. Let n = -5 + 12. What are the prime factors of f(n)?
2
Let l = -1 + 3. Suppose 0 = 3*h - l*h - 9. Suppose -5*n - 4*z + 62 = 0, -n - 1 + h = 3*z. What are the prime factors of n?
2, 7
Suppose 4*z - 70 = -z. Let p = z + -2. What are the prime factors of p?
2, 3
Suppose -o - 51 = -2*y + 84, -y - 4*o + 72 = 0. Suppose 3*q = y + 13. Suppose -3*r + 21 = -4*k, 0*r - 4*r + 5*k = -q. What are the prime factors of r?
3
Suppose 3*k - 5 = -x - 2*k, 0 = x + 3*k - 1. Let i = 6 - x. List the prime factors of i.
11
Let v = 0 + -1. Let q = 10 - v. What are the prime factors of q?
11
Suppose -4*t - v + 37 = -6*v, -5*t = 3*v. Suppose 2*u - 5*a = 0, 0*u - 3*u + 2*a = 0. Suppose 30 = t*q - u*q. List the prime factors of q.
2, 5
Suppose -4*k = k - 55. List the prime factors of k.
11
Let a(n) = -n**3 - 5*n**2 + 6*n - 1. Let q be a(-6). List the prime factors of (0 - (q - -2))*-13.
13
Suppose 3*g + 5*y - 47 - 13 = 0, -5*g = -5*y - 100. Let z = 1 + g. Suppose 0 = 3*a + h - z, 0*a - 4*h = 5*a - 35. What are the prime factors of a?
7
Suppose -56 = -5*t + t. What are the prime factors of t?
2, 7
Suppose 0*q - 3 = -q. Let a be ((-2)/q)/(4/(-84)). Suppose 0 = 3*z + 5*u + a, 2*z + 5*u + 16 = -0*u. List the prime factors of z.
2
Let u(t) be the first derivative of -2*t**3/3 - 5*t**2/2 - t + 2. Let y(o) = 3*o**2 + 6*o + 2. Let w(z) = 4*u(z) + 3*y(z). List the prime factors of w(4).
2, 5
Let f(n) = 3*n**2 + 37*n - 32. What are the prime factors of f(-16)?
2, 3
Let h = -4 + 6. Let i be (28 + -23)*(-4)/(-10). Suppose -3*d - k + i = -3, -h*k = d + 5. What are the prime factors of d?
3
Suppose -6*v + 8 = -2*v. Suppose -v*k - 2*k = -12. What are the prime factors of k?
3
Suppose 3*q - 4*r = 7*q - 28, 0 = 5*q - 2*r - 7. Let h(j) = 2*j**2 - j - 3. What are the prime factors of h(q)?
2, 3
Suppose 4*i + 1 = 13. Let y(a) = -i + 3 - 1 + 4*a**3 - a + 2*a. List the prime factors of y(1).
2
Suppose 0 = -u - 3*n + 15 + 15, -2*u - 4*n + 66 = 0. List the prime factors of u.
3, 13
Suppose 0 = -3*b - 2*b + 605. List the prime factors of b.
11
Let x = -2 + 4. Let u = x + 1. What are the prime factors of -2 - -3*14/u?
2, 3
Suppose -3*s - 2*q = 27, -5*s - q = 3*q + 45. Let i be (s/(-2) + 2)*2. What are the prime factors of i - (1 - (0 + 0))?
2, 3
Let l(q) = -2*q**2 - 4*q + 3. Let s be l(3). List the prime factors of -3 - s - (-1 - 1).
2, 13
Let w = 3 + 3. Let d(q) = -q**2 + 6*q + 2. Let m be d(w). Let n = 0 + m. List the prime factors of n.
2
Let n(m) = 9*m**2 + 2*m + 6. Let o be n(3). Let z = o + -63. List the prime factors of z.
2, 3, 5
Let j(a) = 63*a**2 + 6*a + 4. List the prime factors of j(-2).
2, 61
What are the prime factors of (-14)/((3 + 0)/(-3))?
2, 7
What are the prime factors of 32/(-10)*8/(96/(-330))?
2, 11
Suppose -3*x = -l - 93 - 89, -3*x = -2*l - 178. What are the prime factors of x?
2, 31
Let h be (-4)/(-16) + (-22)/(-8). Suppose -h*p + 5*w = -47, 2*p + 7 = 5*p + 5*w. What are the prime factors of p?
3
Let k(l) = -l**3 - 6*l**2 + 5*l + 6. What are the prime factors of k(-7)?
2, 5
Suppose 2*j + 0*j - 130 = -k, -4*j + 4*k + 236 = 0. List the prime factors of j.
3, 7
Let b = 3 - 9. Let w be (9/b)/((-3)/4). Suppose -w*m = -x - 0*x - 15, -2*m = -3*x - 17. What are the prime factors of m?
7
Let b = 192 - 95. List the prime factors of b.
97
Let u(j) = 0 + 1 - 8*j + 20*j**2 + 9*j. What are the prime factors of u(-1)?
2, 5
Suppose 4*z + 192 = 3*f + f, 4*f - 187 = 3*z. Suppose 4*y - 37 = f. What are the prime factors of y?
2, 5
Let j be -2 + (-5)/((-10)/32). Let z(v) = -4*v + 2. Let t be z(-6). Let f = t - j. List the prime factors of f.
2, 3
List the prime factors of 36 - (-3)/(3/2).
2, 19
Let l = -51 + 49. Let s(x) = 8*x + 3. Let b(j) = -16*j - 7. Let h(f) = -2*b(f) - 5*s(f). List the prime factors of h(l).
3, 5
Let x(t) = t**3 + 5*t**2 + 4*t + 4. Let o be x(-4). Suppose -o = -3*q + 3*b + 2, 0 = -2*q + 3*b. List the prime factors of q.
2, 3
Suppose 11*g - 14*g = 6. What are the prime factors of (-1085)/(-30) + g/12?
2, 3
Suppose -4*a = -5*a + 4. What are the prime factors of a?
2
Suppose 7*r + 151 = 571. List the prime factors of r.
2, 3, 5
Let w(y) = -y**2 - 5*y - 1. Let h be w(-6). Let q(a) = a**2 - a - 1. Let r(u) = 7*u + 2. Let m(n) = q(n) + r(n). List the prime factors of m(h).
2
Let a = -27 - 6. Let j(t) = 5*t - 1. Let c be j(-4). Let i = c - a. What are the prime factors of i?
2, 3
Let z(q) = 15 - 6 + 0*q + 0*q - q. Suppose 0 = -3*j + j. What are the prime factors of z(j)?
3
Suppose 5*x + 85 = l - 0*x, 0 = 2*l + 2*x - 194. Let s = 0 - 0. Suppose -5*v + s*v + l = 0. List the prime factors of v.
19
Let x = -7 - -3. Let r(c) = 6*c - 1. Let g(h) = -5*h + 1. Let v(u) = x*r(u) - 5*g(u). List the prime factors of v(6).
5
Suppose 5*v = -5 - 0, 5*p - 2*v - 17 = 0. Let b(s) = 2*s**3 + 6*s**p - 1 - 2*s + 2. List the prime factors of b(1).
7
What are the prime factors of ((-2)/3)/((-4)/1158)?
193
Let m(a) = -52*a - 18. List the prime factors of m(-3).
2, 3, 23
Suppose 94 = c + 4*w - w, 0 = -5*w + 20. What are the prime factors of c?
2, 41
Let k be 1 + -1 + (-12)/(-2). What are the prime factors of (-2)/6 - (-14)/k?
2
Suppose -2*j = -j - 63. What are the prime factors of j?
3, 7
Let d(p) = -5*p - 2. Let k be d(-1). Suppose 0*s = -k*g - 2*s + 158, 2*g - 5*s - 80 = 0. List the prime factors of g.
2, 5
Let d(t) = 11*t. Let u be d(6). Suppose -2*y = -j + 6*j - 37, 2*j - u = -4*y. What are the prime factors of y?
2
Let n = -1035 + 1743. What are the prime factors of n/16 + (-1)/4?
2, 11
Suppose -l - 4*v - 12 = -3*l, -3*v + 5 = 2*l. Let r(j) = 2*j**2 - 6*j + 5. List the prime factors of r(l).
13
Let r(x) be the first derivative of -x**3/3 - 7*x**2/2 + 5*x - 3. What are the prime factors of r(-6)?
11
What are the prime factors of (-5604)/(-30) - (3 - 22/10)?
2, 3, 31
Let b be (-1)/(-3 + (-303)/(-102)). Let y = b + -17. List the prime factors of y.
17
Let p(s) = 2*s**3 + 7*s**2 - 9*s + 21. Let q(z) = z**3 + 3*z**2 - 4*z + 11. Let w(a) = 3*p(a) - 5*q(a). List the prime factors of w(-7).
2
Suppose y - 3 = -1. Suppose y*h = -4 + 20. What are the prime factors of h?
2
Let b(a) be the second derivative of a**4/12 - a**3/6 - a**2 + 2*a. Let p be b(2). Suppose 3*s = -3*d + 5 + 16, p = 3*d + s - 25. List the prime factors of d.
3
Suppose 4*w = 1 + 7. Let j(q) = q**2 - w + q + 1 - 3. List the prime factors of j(-3).
2
Let m = -46 + 82. What are the prime factors of m?
2, 3
Let m(y) = -4*y + 18. List the prime factors of m(-14).
2, 37
Suppose 0 = -4*v + 16, 2*v - v - 16 = w. Let x = w - -14. What are the prime factors of x?
2
Suppose 3*t - 2*u = 2, -2*t - 5*u + 2 = -6*u. Let l = 4 - t. Suppose 2*j = -5*v + 43, -l*j - 2*v + 37 = v. List the prime factors of j.
2, 7
Let f = 0 - -2. Let m(b) = 6*b**2 - b - 2. What are the prime factors of m(f)?
2, 5
Let d be (-1)/(-1 - 0) - -2. Suppose d*o - 2*o - 2 = 0. Suppose h - 12 = -o*h. List the prime factors of h.
2
Suppose 4*n - 29 = -145. Let g = -14 - n. List the prime factors of g.
3, 5
Let